 by r(-4).
7
Let l = -13 - -43. Let o = 235 - 148. Calculate the remainder when o is divided by l.
27
Let p(b) = 9*b**3 + b**2 - b. What is the remainder when (33 + -20 + (-1060)/100)*(-70)/(-3) is divided by p(1)?
2
Suppose 5*w = 4*i + 30, -2*i + 12 = w - 4*i. Suppose -w*b = 4*b - 42. Suppose -z + 1 = -5*g, -2*g + 3 = 5*z - 2. Calculate the remainder when b is divided by z.
0
Suppose -124*b + 6604 = -72*b. Calculate the remainder when 617 is divided by b.
109
What is the remainder when 4/(-22) + (-6)/81 + (-7565628)/(-24948) is divided by (-369)/(-6) - (-1)/(-2)?
59
Let p be 6 - (-207*1 - 3). Suppose -p - 306 = -29*d. Calculate the remainder when d is divided by 16.
2
Suppose 5*z - 3*k = 121, -z + 5*k + 89 = 3*z. Let c = z + 4. Suppose 0 = -h - 1 - 2, 2*r - 95 = -5*h. What is the remainder when r is divided by c?
25
Let v(j) = j + 37. Let t be v(19). Suppose o - 77 = -t. Let b = o + -4. What is the remainder when 47 is divided by b?
13
Suppose -5*j - 3 = -6*j. Suppose 0 = j*k + 18 - 135. Calculate the remainder when k is divided by 7.
4
What is the remainder when 53 is divided by (-14 + 60)*(-5)/(-10)?
7
Suppose 0 = -4*w + 4*b - 12, w - b + 3 = 6*w. Suppose 471 - 28 = 5*j - 2*o, w = -4*j - o + 344. Calculate the remainder when j is divided by 25.
12
Let p(u) = -10*u**2 + 5*u + 5. Let y be p(-3). Let j = y - -125. Calculate the remainder when j is divided by 20.
5
Suppose 2*l - 20 = -2*l. Suppose 5*h + 5*f = 30, -3*f = -h - 8*f - 6. Suppose 0 = -4*b - h*b + 52. What is the remainder when l is divided by b?
1
Suppose 3*b + 2*b - 180 = 0. Let w(h) = h**2 - 4*h - 142. What is the remainder when w(21) is divided by b?
35
Suppose -5*z = 2*l - 249, 2*z - 93 = 5*l + 24. What is the remainder when 99 is divided by z?
48
Suppose -495*z + 500*z = 2*o - 445, -4*z = 2*o - 472. Calculate the remainder when o is divided by 40.
30
Let v(f) = 31*f**2 - 2*f + 13. Let s(i) = 2*i**2 - i - 1. Let j(w) = 4*s(w) + v(w). What is the remainder when j(2) is divided by 26 + 3 - (0 + -2)?
29
Let o(l) = -172*l + 888. Calculate the remainder when (0 - 1) + 579/3 is divided by o(5).
24
Let o be (0 - 111/12)/((-5)/20). Suppose 15 = -34*b + o*b. Suppose 4*k = -b*v + 41, 3*v = -0*k - k + 19. What is the remainder when 16 is divided by v?
1
Let l = 2579 - 2514. What is the remainder when 642 is divided by l?
57
Suppose -54 = -2*j - 5*h, 105 = -0*j + 5*j + 5*h. Let s = 59 - j. Suppose 41*n = s*n - 18. What is the remainder when n is divided by 10?
8
Let h be 5*(-24)/20*1/(-2). What is the remainder when (42/(-15))/((-2)/10) is divided by 8 - (h - (6 + -3))?
6
Let b(f) = f**3 + 5*f**2 - 76*f - 155. Calculate the remainder when 277 is divided by b(8).
1
Suppose -186 = -13*j - 18*j. Suppose -j*z + 330 = -60. What is the remainder when 318 is divided by z?
58
Suppose 0 = -v - 4*f - 3, 3*v - 2*f - 25 = 3*f. What is the remainder when 3082 is divided by v?
2
Suppose -3*x + 1000 = -143. Suppose x + 19 = 4*z. Suppose z = s + 4*s. Calculate the remainder when s is divided by 13.
7
Let m(c) = -21*c + 48. Let t be m(4). Calculate the remainder when 42 is divided by (6/(-36)*8)/(2/t).
18
Suppose 23*a - 50 = 343 - 163. What is the remainder when 644 is divided by a?
4
Suppose 2*p = -4*i + 192, 4*i + 58 = 5*i - 2*p. Let q(x) = 5*x**2 - 6*x + 9. Calculate the remainder when q(-7) is divided by i.
46
Let d(j) = 174*j - 1. Let m be d(1). Let z = m - 64. Suppose 5 = 6*f - z. What is the remainder when 75 is divided by f?
18
Let c(n) = -3*n**2 - 10*n - 31. Let t be c(-10). Let a = t + 259. Calculate the remainder when 83 is divided by a.
27
Let n(l) = 40*l + 4527. Let u(d) = 3*d - 4. Calculate the remainder when n(-106) is divided by u(4).
7
Let q be -1 - (36/9 - 1*2). Let t be 3/(-2*q/8). Suppose t*a - 31 = 1. What is the remainder when 62 is divided by a?
6
Suppose -2*h - 3*r = -29 - 174, 3*h - 296 = 4*r. Calculate the remainder when h is divided by 42.
16
Suppose -2*y + 2*n + 430 = 0, 3*n - 188 = -y + 11. Calculate the remainder when 639 is divided by y.
6
Let h(p) = 5*p + 14. Let b be h(-5). Let r = 19 + b. Let n(w) = -7*w - 11. Calculate the remainder when n(-7) is divided by r.
6
Let h = -1321 - -1348. Suppose -4*q = -9*q + 5*a, 0 = -3*q + 5*a. Suppose q = -2*x + 37 + 121. Calculate the remainder when x is divided by h.
25
Let o be ((-434)/35)/((-4)/10). Let g = o + -22. Suppose -g*h + 28 = -7*h. Calculate the remainder when h is divided by 6.
2
Let x be 26/2*-2*(2 - 3). Let f = x - 27. What is the remainder when 16 is divided by 5/((-2)/12 - f)?
4
Suppose -2*d - 5*i = -39, 4*i = d - 0*d - 26. Let r = -13547 - -13711. What is the remainder when r is divided by d?
10
Suppose -h + t + 64 = -0*h, -3*t - 9 = 0. Let v = 3048 + -2950. Calculate the remainder when v is divided by h.
37
Let s = -176 + 181. Suppose -60 = -3*g - 3*c, -s*g - 2*c - 2*c + 99 = 0. What is the remainder when 246 is divided by g?
18
Let n(c) = -20*c - 22. Let p(b) = b - 29. Let m be p(26). What is the remainder when 103 is divided by n(m)?
27
Suppose 6*r - 4*r = 256. Calculate the remainder when r is divided by ((-30)/4)/(-7 - 325/(-52)).
8
Let o = 90 + -30. Let j(c) = 7*c - 47. Let y(v) = 34*v - 236. Let p(g) = -11*j(g) + 2*y(g). What is the remainder when o is divided by p(4)?
6
Let c = -11376 + 11505. Calculate the remainder when c is divided by 39.
12
Suppose -5*p = -13*l + 8*l - 1645, 0 = -5*p - 4*l + 1600. Calculate the remainder when p is divided by 109.
106
Let f = -777 - -911. Let h = -5 - 6. Let d = 45 + h. Calculate the remainder when f is divided by d.
32
Let y be (-21)/6*(-12)/(-6)*-23. Let l = y + -145. What is the remainder when 46 is divided by l?
14
Suppose 2*o = 8, 4*o - 136 = -0*w - 4*w. Let y(h) = 239*h**2 + 2*h - 3. What is the remainder when y(1) is divided by w?
28
Let f be 0 + (4 - 5) + 3. Let n(x) = -x**2 - 47*x + 39*x + 42 + f*x**2. Calculate the remainder when n(13) is divided by 22.
19
Let u(g) be the third derivative of 23*g**4/24 + 7*g**3/6 - 27*g**2. Calculate the remainder when u(2) is divided by 28.
25
What is the remainder when 6352845/1830 + 0 + (-2)/(-4) is divided by 18?
16
Suppose i = 5*t + 199, 69*i - 4*t + 384 = 71*i. Calculate the remainder when i is divided by 14.
12
Let n(z) = -z**3 + 11*z**2 + 106*z + 19. Let d = 37 - -3. Calculate the remainder when n(-7) is divided by d.
39
Let d(i) = i**3 - 5*i**2 + 3*i - 6. Suppose 7*o + 103 = -170. Let l = -31 - o. Calculate the remainder when d(5) is divided by l.
1
Let s be (-53 - -53)*(-1)/(-4). Suppose -2*r = 5*n - 3*n - 356, -n - 5*r + 174 = s. What is the remainder when n is divided by 12?
11
Let c(f) = -34*f**2 - 652*f - 94. What is the remainder when 1/2 - 147/(-6) is divided by c(-19)?
5
Suppose 11*o - 15*o = -352. Suppose -3*c - 4*a = -66, -5*a - o = -4*c - 0*c. Let k(m) = 5*m - 13. What is the remainder when k(11) is divided by c?
20
Suppose 5429 = 4*w + 26*h - 27*h, -4*w = 4*h - 5404. Calculate the remainder when w is divided by 23.
22
Let u be ((-679)/(-21))/((-1)/(-3)). Suppose -r - l + u = 0, 5*r = r + 3*l + 353. Let k = r - -51. Calculate the remainder when k is divided by 49.
45
Let w = 2629 - 2434. Calculate the remainder when 1158 is divided by w.
183
Let k = 16 - 11. Suppose -k*l = -0*l + 3*j - 88, -j = -4*l + 84. Let y(m) = -615*m - 1151. What is the remainder when y(-2) is divided by l?
19
Let o = -6135 - -6140. Let u(l) = l**3 - 7*l**2 - l + 6. Calculate the remainder when u(8) is divided by o.
2
Suppose 0 = -82*z + 21168 + 113722. What is the remainder when z is divided by 97?
93
Let d(m) = 5*m + 3. Let x be d(-3). Let h = -5 - x. Suppose -132*k + 121*k + 3*i = -24, -5*k + 4*i + 3 = 0. What is the remainder when h is divided by k?
1
Let g = -32 + 43. Suppose 4*l = 5*t + 161, -4 = -5*t + g. What is the remainder when l is divided by (-2 - (-1 - 6))*3?
14
Suppose 74*g - 324576 = -150*g. Calculate the remainder when g is divided by 1446.
3
Let b(t) = 2*t**2 - 69*t - 82. Suppose 594 = 6*r + 378. What is the remainder when b(r) is divided by 8?
2
Calculate the remainder when 4489/1 + (23 - 35) is divided by 56.
53
Suppose -12*b - 5 + 53 = 0. Suppose -9*k - b*k = -130. Suppose g + 5*i - 1 = 10, -4*g = -3*i - 21. Calculate the remainder when k is divided by g.
4
Let k = -82 - -86. Suppose -k*i - 236 = 200. Let f = -86 -